{"id":40,"date":"2024-01-11T15:19:33","date_gmt":"2024-01-11T15:19:33","guid":{"rendered":"https:\/\/cloud1.websitecare.dk\/~hajsmeden\/?page_id=40"},"modified":"2024-06-04T13:55:39","modified_gmt":"2024-06-04T13:55:39","slug":"home","status":"publish","type":"page","link":"https:\/\/haj-smeden.dk\/","title":{"rendered":"Home"},"content":{"rendered":"\t\t<div data-elementor-type=\"wp-page\" data-elementor-id=\"40\" class=\"elementor elementor-40\" data-elementor-post-type=\"page\">\n\t\t\t\t<div class=\"elementor-element elementor-element-736369aa e-flex e-con-boxed e-con e-parent\" data-id=\"736369aa\" data-element_type=\"container\" data-settings=\"{&quot;background_background&quot;:&quot;classic&quot;}\">\n\t\t\t\t\t<div class=\"e-con-inner\">\n\t\t\t\t\t<\/div>\n\t\t\t\t<\/div>\n\t\t<div class=\"elementor-element elementor-element-7be0231 e-flex e-con-boxed e-con e-parent\" data-id=\"7be0231\" data-element_type=\"container\">\n\t\t\t\t\t<div class=\"e-con-inner\">\n\t\t<div class=\"elementor-element elementor-element-d6291ca e-con-full e-flex e-con e-child\" data-id=\"d6291ca\" data-element_type=\"container\">\n\t\t\t\t<div class=\"elementor-element elementor-element-ff0cb82 elementor-widget elementor-widget-text-editor\" data-id=\"ff0cb82\" data-element_type=\"widget\" data-widget_type=\"text-editor.default\">\n\t\t\t\t<div class=\"elementor-widget-container\">\n\t\t\t<style>\/*! elementor - v3.21.0 - 26-05-2024 *\/\n.elementor-widget-text-editor.elementor-drop-cap-view-stacked .elementor-drop-cap{background-color:#69727d;color:#fff}.elementor-widget-text-editor.elementor-drop-cap-view-framed .elementor-drop-cap{color:#69727d;border:3px solid;background-color:transparent}.elementor-widget-text-editor:not(.elementor-drop-cap-view-default) .elementor-drop-cap{margin-top:8px}.elementor-widget-text-editor:not(.elementor-drop-cap-view-default) .elementor-drop-cap-letter{width:1em;height:1em}.elementor-widget-text-editor .elementor-drop-cap{float:left;text-align:center;line-height:1;font-size:50px}.elementor-widget-text-editor .elementor-drop-cap-letter{display:inline-block}<\/style>\t\t\t\t<h2><strong>Den erfarne HAJ Smeden st\u00e5r klar til at h\u00e5ndtere dine opgaver.<\/strong><\/h2><p>Vores kontor og v\u00e6rksted er beliggende i Dianalund p\u00e5 Vest Sj\u00e6lland, b\u00e6rer pr\u00e6g af HAJ Smedens passion for kvalitetsarbejde. Hvis du \u00f8nsker en uforpligtende vurdering af dine opgaver, er du altid velkommen til at kontakte os.<\/p>\t\t\t\t\t\t<\/div>\n\t\t\t\t<\/div>\n\t\t\t\t<\/div>\n\t\t<div class=\"elementor-element elementor-element-61fd12c e-flex e-con-boxed e-con e-child\" data-id=\"61fd12c\" data-element_type=\"container\">\n\t\t\t\t\t<div class=\"e-con-inner\">\n\t\t\t\t<div class=\"elementor-element elementor-element-4de89dd elementor-widget elementor-widget-text-editor\" data-id=\"4de89dd\" data-element_type=\"widget\" data-widget_type=\"text-editor.default\">\n\t\t\t\t<div class=\"elementor-widget-container\">\n\t\t\t\t\t\t\t<p>HAJ Smeden \u2013 Din p\u00e5lidelige partner inden for smedning og klejnsmedarbejde<\/p><p>HAJ Smeden har som smed og klejnsmed ikke kun udf\u00f8rt opgaver i Danmark, men har ogs\u00e5 stolt leveret arbejde i lande som Italien, Tyskland, Schweiz, Sverige, Norge, Irland, England og andre steder.<\/p><p>Den brede geografiske spredning af vores projekter afspejler det h\u00f8je standardniveau, som en smed eller klejnsmed fra vores firma leverer. Vores ekspertise er s\u00e5 eftertragtet, at den ogs\u00e5 anvendes internationalt.<\/p><p>Vi st\u00e5r til r\u00e5dighed for b\u00e5de private og erhverv, der har behov for kyndig assistance fra en erfaren klejnsmed eller smed til at h\u00e5ndtere deres arbejdsopgaver.<\/p>\t\t\t\t\t\t<\/div>\n\t\t\t\t<\/div>\n\t\t\t\t\t<\/div>\n\t\t\t\t<\/div>\n\t\t\t\t\t<\/div>\n\t\t\t\t<\/div>\n\t\t<div class=\"elementor-element elementor-element-20a588d4 e-flex e-con-boxed e-con e-parent\" data-id=\"20a588d4\" data-element_type=\"container\">\n\t\t\t\t\t<div class=\"e-con-inner\">\n\t\t\t\t<div class=\"elementor-element elementor-element-3c7a1ef3 elementor-widget elementor-widget-heading\" data-id=\"3c7a1ef3\" data-element_type=\"widget\" data-widget_type=\"heading.default\">\n\t\t\t\t<div class=\"elementor-widget-container\">\n\t\t\t<style>\/*! elementor - v3.21.0 - 26-05-2024 *\/\n.elementor-heading-title{padding:0;margin:0;line-height:1}.elementor-widget-heading .elementor-heading-title[class*=elementor-size-]>a{color:inherit;font-size:inherit;line-height:inherit}.elementor-widget-heading .elementor-heading-title.elementor-size-small{font-size:15px}.elementor-widget-heading .elementor-heading-title.elementor-size-medium{font-size:19px}.elementor-widget-heading .elementor-heading-title.elementor-size-large{font-size:29px}.elementor-widget-heading .elementor-heading-title.elementor-size-xl{font-size:39px}.elementor-widget-heading .elementor-heading-title.elementor-size-xxl{font-size:59px}<\/style><h2 class=\"elementor-heading-title elementor-size-default\">Serviceydelserne fra HAJ Smeden<\/h2>\t\t<\/div>\n\t\t\t\t<\/div>\n\t\t\t\t<div class=\"elementor-element elementor-element-4c43c3a4 elementor-widget__width-initial elementor-widget elementor-widget-heading\" data-id=\"4c43c3a4\" data-element_type=\"widget\" data-widget_type=\"heading.default\">\n\t\t\t\t<div class=\"elementor-widget-container\">\n\t\t\t<h5 class=\"elementor-heading-title elementor-size-default\">\nServiceydelserne fra HAJ Smeden str\u00e6kker sig bredt for at im\u00f8dekomme dine behov og krav. Vi er dedikerede til at levere professionelle l\u00f8sninger og kvalitetsarbejde, uanset omfanget af dine opgaver.<\/h5>\t\t<\/div>\n\t\t\t\t<\/div>\n\t\t<div class=\"elementor-element elementor-element-1a1229a6 e-con-full e-flex e-con e-child\" data-id=\"1a1229a6\" data-element_type=\"container\">\n\t\t\t\t<div class=\"elementor-element elementor-element-322a7191 elementor-widget-tablet__width-initial elementor-widget-mobile__width-inherit elementor-widget__width-initial elementor-position-top elementor-widget elementor-widget-image-box\" data-id=\"322a7191\" data-element_type=\"widget\" data-widget_type=\"image-box.default\">\n\t\t\t\t<div class=\"elementor-widget-container\">\n\t\t\t<style>\/*! elementor - v3.21.0 - 26-05-2024 *\/\n.elementor-widget-image-box .elementor-image-box-content{width:100%}@media (min-width:768px){.elementor-widget-image-box.elementor-position-left .elementor-image-box-wrapper,.elementor-widget-image-box.elementor-position-right .elementor-image-box-wrapper{display:flex}.elementor-widget-image-box.elementor-position-right .elementor-image-box-wrapper{text-align:end;flex-direction:row-reverse}.elementor-widget-image-box.elementor-position-left .elementor-image-box-wrapper{text-align:start;flex-direction:row}.elementor-widget-image-box.elementor-position-top .elementor-image-box-img{margin:auto}.elementor-widget-image-box.elementor-vertical-align-top .elementor-image-box-wrapper{align-items:flex-start}.elementor-widget-image-box.elementor-vertical-align-middle .elementor-image-box-wrapper{align-items:center}.elementor-widget-image-box.elementor-vertical-align-bottom .elementor-image-box-wrapper{align-items:flex-end}}@media (max-width:767px){.elementor-widget-image-box .elementor-image-box-img{margin-left:auto!important;margin-right:auto!important;margin-bottom:15px}}.elementor-widget-image-box .elementor-image-box-img{display:inline-block}.elementor-widget-image-box .elementor-image-box-title a{color:inherit}.elementor-widget-image-box .elementor-image-box-wrapper{text-align:center}.elementor-widget-image-box .elementor-image-box-description{margin:0}<\/style><div class=\"elementor-image-box-wrapper\"><figure class=\"elementor-image-box-img\"><img fetchpriority=\"high\" decoding=\"async\" width=\"2000\" height=\"1333\" src=\"https:\/\/haj-smeden.dk\/wp-content\/uploads\/2024\/01\/Haj_smeden_forside.jpg\" class=\"elementor-animation-grow attachment-full size-full wp-image-114\" alt=\"\" srcset=\"https:\/\/haj-smeden.dk\/wp-content\/uploads\/2024\/01\/Haj_smeden_forside.jpg 2000w, https:\/\/haj-smeden.dk\/wp-content\/uploads\/2024\/01\/Haj_smeden_forside-300x200.jpg 300w, https:\/\/haj-smeden.dk\/wp-content\/uploads\/2024\/01\/Haj_smeden_forside-1024x682.jpg 1024w, https:\/\/haj-smeden.dk\/wp-content\/uploads\/2024\/01\/Haj_smeden_forside-768x512.jpg 768w, https:\/\/haj-smeden.dk\/wp-content\/uploads\/2024\/01\/Haj_smeden_forside-1536x1024.jpg 1536w\" sizes=\"(max-width: 2000px) 100vw, 2000px\" \/><\/figure><div class=\"elementor-image-box-content\"><h4 class=\"elementor-image-box-title\">R\u00f8rsvejsning<\/h4><p class=\"elementor-image-box-description\">Vores team er certificeret og har stor erfaring med alle former for r\u00f8rsvejsning i b\u00e5de sort og rustfri.<\/p><\/div><\/div>\t\t<\/div>\n\t\t\t\t<\/div>\n\t\t\t\t<div class=\"elementor-element elementor-element-cb8eed1 elementor-widget-tablet__width-initial elementor-widget-mobile__width-inherit elementor-widget__width-initial elementor-position-top elementor-widget elementor-widget-image-box\" data-id=\"cb8eed1\" data-element_type=\"widget\" data-widget_type=\"image-box.default\">\n\t\t\t\t<div class=\"elementor-widget-container\">\n\t\t\t<div class=\"elementor-image-box-wrapper\"><figure class=\"elementor-image-box-img\"><img decoding=\"async\" width=\"770\" height=\"509\" src=\"https:\/\/haj-smeden.dk\/wp-content\/uploads\/2024\/01\/Vinkelsliber-nov-20.jpg\" class=\"elementor-animation-grow attachment-full size-full wp-image-149\" alt=\"\" srcset=\"https:\/\/haj-smeden.dk\/wp-content\/uploads\/2024\/01\/Vinkelsliber-nov-20.jpg 770w, https:\/\/haj-smeden.dk\/wp-content\/uploads\/2024\/01\/Vinkelsliber-nov-20-300x198.jpg 300w, https:\/\/haj-smeden.dk\/wp-content\/uploads\/2024\/01\/Vinkelsliber-nov-20-768x508.jpg 768w\" sizes=\"(max-width: 770px) 100vw, 770px\" \/><\/figure><div class=\"elementor-image-box-content\"><h4 class=\"elementor-image-box-title\">smede<\/h4><p class=\"elementor-image-box-description\">Vi har h\u00e5ndv\u00e6rkere med stor erfaring inden for alt smedearbejde.<\/p><\/div><\/div>\t\t<\/div>\n\t\t\t\t<\/div>\n\t\t\t\t<div class=\"elementor-element elementor-element-624e8171 elementor-widget-tablet__width-initial elementor-widget-mobile__width-inherit elementor-widget__width-initial elementor-position-top elementor-widget elementor-widget-image-box\" data-id=\"624e8171\" data-element_type=\"widget\" data-widget_type=\"image-box.default\">\n\t\t\t\t<div class=\"elementor-widget-container\">\n\t\t\t<div class=\"elementor-image-box-wrapper\"><figure class=\"elementor-image-box-img\"><img decoding=\"async\" width=\"1920\" height=\"1332\" src=\"https:\/\/haj-smeden.dk\/wp-content\/uploads\/2024\/01\/7-1920x1332-1.jpg\" class=\"elementor-animation-grow attachment-full size-full wp-image-143\" alt=\"\" srcset=\"https:\/\/haj-smeden.dk\/wp-content\/uploads\/2024\/01\/7-1920x1332-1.jpg 1920w, https:\/\/haj-smeden.dk\/wp-content\/uploads\/2024\/01\/7-1920x1332-1-300x208.jpg 300w, https:\/\/haj-smeden.dk\/wp-content\/uploads\/2024\/01\/7-1920x1332-1-1024x710.jpg 1024w, https:\/\/haj-smeden.dk\/wp-content\/uploads\/2024\/01\/7-1920x1332-1-768x533.jpg 768w, https:\/\/haj-smeden.dk\/wp-content\/uploads\/2024\/01\/7-1920x1332-1-1536x1066.jpg 1536w\" sizes=\"(max-width: 1920px) 100vw, 1920px\" \/><\/figure><div class=\"elementor-image-box-content\"><h4 class=\"elementor-image-box-title\">Projekt Ledelse<\/h4><p class=\"elementor-image-box-description\">Vi har erfarne folk med ekspertise inden for projektledelse, hvilket s\u00e6tter os i en unik position p\u00e5 dette omr\u00e5de.<\/p><\/div><\/div>\t\t<\/div>\n\t\t\t\t<\/div>\n\t\t\t\t<\/div>\n\t\t\t\t\t<\/div>\n\t\t\t\t<\/div>\n\t\t<div class=\"elementor-element elementor-element-4111e489 e-flex e-con-boxed e-con e-parent\" data-id=\"4111e489\" data-element_type=\"container\" data-settings=\"{&quot;background_background&quot;:&quot;classic&quot;}\">\n\t\t\t\t\t<div class=\"e-con-inner\">\n\t\t\t\t<div class=\"elementor-element elementor-element-209d2ffc elementor-widget__width-inherit elementor-widget elementor-widget-heading\" data-id=\"209d2ffc\" data-element_type=\"widget\" data-widget_type=\"heading.default\">\n\t\t\t\t<div class=\"elementor-widget-container\">\n\t\t\t<h2 class=\"elementor-heading-title elementor-size-default\">HAJ Smeden \u2500 altid klar<\/h2>\t\t<\/div>\n\t\t\t\t<\/div>\n\t\t\t\t\t<\/div>\n\t\t\t\t<\/div>\n\t\t<div class=\"elementor-element elementor-element-cedd9da e-flex e-con-boxed e-con e-parent\" data-id=\"cedd9da\" data-element_type=\"container\">\n\t\t\t\t\t<div class=\"e-con-inner\">\n\t\t<div class=\"elementor-element elementor-element-adf15e0 e-con-full e-flex e-con e-child\" data-id=\"adf15e0\" data-element_type=\"container\">\n\t\t\t\t<div class=\"elementor-element elementor-element-9d4ebf7 elementor-widget elementor-widget-image\" data-id=\"9d4ebf7\" data-element_type=\"widget\" data-widget_type=\"image.default\">\n\t\t\t\t<div class=\"elementor-widget-container\">\n\t\t\t<style>\/*! elementor - v3.21.0 - 26-05-2024 *\/\n.elementor-widget-image{text-align:center}.elementor-widget-image a{display:inline-block}.elementor-widget-image a img[src$=\".svg\"]{width:48px}.elementor-widget-image img{vertical-align:middle;display:inline-block}<\/style>\t\t\t\t\t\t\t\t\t\t<img loading=\"lazy\" decoding=\"async\" width=\"600\" height=\"400\" src=\"https:\/\/haj-smeden.dk\/wp-content\/uploads\/2024\/01\/Ror-Svejsning.svg.webp\" class=\"attachment-full size-full wp-image-133\" alt=\"\" srcset=\"https:\/\/haj-smeden.dk\/wp-content\/uploads\/2024\/01\/Ror-Svejsning.svg.webp 600w, https:\/\/haj-smeden.dk\/wp-content\/uploads\/2024\/01\/Ror-Svejsning.svg-300x200.webp 300w\" sizes=\"(max-width: 600px) 100vw, 600px\" \/>\t\t\t\t\t\t\t\t\t\t\t\t\t<\/div>\n\t\t\t\t<\/div>\n\t\t\t\t<\/div>\n\t\t<div class=\"elementor-element elementor-element-32ca14a e-con-full e-flex e-con e-child\" data-id=\"32ca14a\" data-element_type=\"container\">\n\t\t\t\t<div class=\"elementor-element elementor-element-a904b67 elementor-widget elementor-widget-image\" data-id=\"a904b67\" data-element_type=\"widget\" data-widget_type=\"image.default\">\n\t\t\t\t<div class=\"elementor-widget-container\">\n\t\t\t\t\t\t\t\t\t\t\t\t\t<img loading=\"lazy\" decoding=\"async\" width=\"2000\" height=\"1333\" src=\"https:\/\/haj-smeden.dk\/wp-content\/uploads\/2024\/01\/Haj_smeden_forside.jpg\" class=\"attachment-full size-full wp-image-114\" alt=\"\" srcset=\"https:\/\/haj-smeden.dk\/wp-content\/uploads\/2024\/01\/Haj_smeden_forside.jpg 2000w, https:\/\/haj-smeden.dk\/wp-content\/uploads\/2024\/01\/Haj_smeden_forside-300x200.jpg 300w, https:\/\/haj-smeden.dk\/wp-content\/uploads\/2024\/01\/Haj_smeden_forside-1024x682.jpg 1024w, https:\/\/haj-smeden.dk\/wp-content\/uploads\/2024\/01\/Haj_smeden_forside-768x512.jpg 768w, https:\/\/haj-smeden.dk\/wp-content\/uploads\/2024\/01\/Haj_smeden_forside-1536x1024.jpg 1536w\" sizes=\"(max-width: 2000px) 100vw, 2000px\" \/>\t\t\t\t\t\t\t\t\t\t\t\t\t<\/div>\n\t\t\t\t<\/div>\n\t\t\t\t<\/div>\n\t\t<div class=\"elementor-element elementor-element-078e273 e-con-full e-flex e-con e-child\" data-id=\"078e273\" data-element_type=\"container\">\n\t\t\t\t<div class=\"elementor-element elementor-element-d8ee542 elementor-widget elementor-widget-image\" data-id=\"d8ee542\" data-element_type=\"widget\" data-widget_type=\"image.default\">\n\t\t\t\t<div class=\"elementor-widget-container\">\n\t\t\t\t\t\t\t\t\t\t\t\t\t<img loading=\"lazy\" decoding=\"async\" width=\"770\" height=\"509\" src=\"https:\/\/haj-smeden.dk\/wp-content\/uploads\/2024\/01\/Vinkelsliber-nov-20.jpg\" class=\"attachment-large size-large wp-image-149\" alt=\"\" srcset=\"https:\/\/haj-smeden.dk\/wp-content\/uploads\/2024\/01\/Vinkelsliber-nov-20.jpg 770w, https:\/\/haj-smeden.dk\/wp-content\/uploads\/2024\/01\/Vinkelsliber-nov-20-300x198.jpg 300w, https:\/\/haj-smeden.dk\/wp-content\/uploads\/2024\/01\/Vinkelsliber-nov-20-768x508.jpg 768w\" sizes=\"(max-width: 770px) 100vw, 770px\" \/>\t\t\t\t\t\t\t\t\t\t\t\t\t<\/div>\n\t\t\t\t<\/div>\n\t\t\t\t<\/div>\n\t\t<div class=\"elementor-element elementor-element-ae28a53 e-con-full e-flex e-con e-child\" data-id=\"ae28a53\" data-element_type=\"container\">\n\t\t\t\t<div class=\"elementor-element elementor-element-70813d4 elementor-widget elementor-widget-heading\" data-id=\"70813d4\" data-element_type=\"widget\" data-widget_type=\"heading.default\">\n\t\t\t\t<div class=\"elementor-widget-container\">\n\t\t\t<h4 class=\"elementor-heading-title elementor-size-large\">Erfaring og Ekspertise<\/h4>\t\t<\/div>\n\t\t\t\t<\/div>\n\t\t\t\t<div class=\"elementor-element elementor-element-32db0cb elementor-widget elementor-widget-spacer\" data-id=\"32db0cb\" data-element_type=\"widget\" data-widget_type=\"spacer.default\">\n\t\t\t\t<div class=\"elementor-widget-container\">\n\t\t\t<style>\/*! elementor - v3.21.0 - 26-05-2024 *\/\n.elementor-column .elementor-spacer-inner{height:var(--spacer-size)}.e-con{--container-widget-width:100%}.e-con-inner>.elementor-widget-spacer,.e-con>.elementor-widget-spacer{width:var(--container-widget-width,var(--spacer-size));--align-self:var(--container-widget-align-self,initial);--flex-shrink:0}.e-con-inner>.elementor-widget-spacer>.elementor-widget-container,.e-con>.elementor-widget-spacer>.elementor-widget-container{height:100%;width:100%}.e-con-inner>.elementor-widget-spacer>.elementor-widget-container>.elementor-spacer,.e-con>.elementor-widget-spacer>.elementor-widget-container>.elementor-spacer{height:100%}.e-con-inner>.elementor-widget-spacer>.elementor-widget-container>.elementor-spacer>.elementor-spacer-inner,.e-con>.elementor-widget-spacer>.elementor-widget-container>.elementor-spacer>.elementor-spacer-inner{height:var(--container-widget-height,var(--spacer-size))}.e-con-inner>.elementor-widget-spacer.elementor-widget-empty,.e-con>.elementor-widget-spacer.elementor-widget-empty{position:relative;min-height:22px;min-width:22px}.e-con-inner>.elementor-widget-spacer.elementor-widget-empty .elementor-widget-empty-icon,.e-con>.elementor-widget-spacer.elementor-widget-empty .elementor-widget-empty-icon{position:absolute;top:0;bottom:0;left:0;right:0;margin:auto;padding:0;width:22px;height:22px}<\/style>\t\t<div class=\"elementor-spacer\">\n\t\t\t<div class=\"elementor-spacer-inner\"><\/div>\n\t\t<\/div>\n\t\t\t\t<\/div>\n\t\t\t\t<\/div>\n\t\t\t\t<\/div>\n\t\t<div class=\"elementor-element elementor-element-6e64938 e-con-full e-flex e-con e-child\" data-id=\"6e64938\" data-element_type=\"container\">\n\t\t\t\t<div class=\"elementor-element elementor-element-3d08759 elementor-widget elementor-widget-heading\" data-id=\"3d08759\" data-element_type=\"widget\" data-widget_type=\"heading.default\">\n\t\t\t\t<div class=\"elementor-widget-container\">\n\t\t\t<h4 class=\"elementor-heading-title elementor-size-large\">Kvalitetsarbejde<\/h4>\t\t<\/div>\n\t\t\t\t<\/div>\n\t\t\t\t<div class=\"elementor-element elementor-element-7fb4c11 elementor-widget elementor-widget-spacer\" data-id=\"7fb4c11\" data-element_type=\"widget\" data-widget_type=\"spacer.default\">\n\t\t\t\t<div class=\"elementor-widget-container\">\n\t\t\t\t\t<div class=\"elementor-spacer\">\n\t\t\t<div class=\"elementor-spacer-inner\"><\/div>\n\t\t<\/div>\n\t\t\t\t<\/div>\n\t\t\t\t<\/div>\n\t\t\t\t<\/div>\n\t\t<div class=\"elementor-element elementor-element-9c92ecb e-con-full e-flex e-con e-child\" data-id=\"9c92ecb\" data-element_type=\"container\">\n\t\t\t\t<div class=\"elementor-element elementor-element-0bb84ec elementor-widget elementor-widget-heading\" data-id=\"0bb84ec\" data-element_type=\"widget\" data-widget_type=\"heading.default\">\n\t\t\t\t<div class=\"elementor-widget-container\">\n\t\t\t<h4 class=\"elementor-heading-title elementor-size-large\">P\u00e5lidelighed<\/h4>\t\t<\/div>\n\t\t\t\t<\/div>\n\t\t\t\t<div class=\"elementor-element elementor-element-730a141 elementor-widget elementor-widget-spacer\" data-id=\"730a141\" data-element_type=\"widget\" data-widget_type=\"spacer.default\">\n\t\t\t\t<div class=\"elementor-widget-container\">\n\t\t\t\t\t<div class=\"elementor-spacer\">\n\t\t\t<div class=\"elementor-spacer-inner\"><\/div>\n\t\t<\/div>\n\t\t\t\t<\/div>\n\t\t\t\t<\/div>\n\t\t\t\t<\/div>\n\t\t\t\t\t<\/div>\n\t\t\t\t<\/div>\n\t\t\t\t<\/div>\n\t\t","protected":false},"excerpt":{"rendered":"<p>Den erfarne HAJ Smeden st\u00e5r klar til at h\u00e5ndtere dine opgaver. Vores kontor og v\u00e6rksted er beliggende i Dianalund p\u00e5 Vest Sj\u00e6lland, b\u00e6rer pr\u00e6g af HAJ Smedens passion for kvalitetsarbejde. Hvis du \u00f8nsker en uforpligtende vurdering af dine opgaver, er du altid velkommen til at kontakte os. HAJ Smeden \u2013 Din p\u00e5lidelige partner inden for [&hellip;]<\/p>\n","protected":false},"author":2,"featured_media":0,"parent":0,"menu_order":0,"comment_status":"closed","ping_status":"closed","template":"elementor_header_footer","meta":{"footnotes":""},"class_list":["post-40","page","type-page","status-publish","hentry"],"_links":{"self":[{"href":"https:\/\/haj-smeden.dk\/index.php?rest_route=\/wp\/v2\/pages\/40","targetHints":{"allow":["GET"]}}],"collection":[{"href":"https:\/\/haj-smeden.dk\/index.php?rest_route=\/wp\/v2\/pages"}],"about":[{"href":"https:\/\/haj-smeden.dk\/index.php?rest_route=\/wp\/v2\/types\/page"}],"author":[{"embeddable":true,"href":"https:\/\/haj-smeden.dk\/index.php?rest_route=\/wp\/v2\/users\/2"}],"replies":[{"embeddable":true,"href":"https:\/\/haj-smeden.dk\/index.php?rest_route=%2Fwp%2Fv2%2Fcomments&post=40"}],"version-history":[{"count":64,"href":"https:\/\/haj-smeden.dk\/index.php?rest_route=\/wp\/v2\/pages\/40\/revisions"}],"predecessor-version":[{"id":237,"href":"https:\/\/haj-smeden.dk\/index.php?rest_route=\/wp\/v2\/pages\/40\/revisions\/237"}],"wp:attachment":[{"href":"https:\/\/haj-smeden.dk\/index.php?rest_route=%2Fwp%2Fv2%2Fmedia&parent=40"}],"curies":[{"name":"wp","href":"https:\/\/api.w.org\/{rel}","templated":true}]}}